{"id":3447,"date":"2025-10-23T09:17:49","date_gmt":"2025-10-23T09:17:49","guid":{"rendered":"https:\/\/escapdella.com\/savinya\/?page_id=3447"},"modified":"2025-10-23T10:44:24","modified_gmt":"2025-10-23T10:44:24","slug":"menu-diari","status":"publish","type":"page","link":"https:\/\/escapdella.com\/savinya\/ca\/menu-diari\/","title":{"rendered":"Men\u00fa del Dia"},"content":{"rendered":"\t\t<div data-elementor-type=\"wp-page\" data-elementor-id=\"3447\" class=\"elementor elementor-3447\" data-elementor-post-type=\"page\">\n\t\t\t\t<div class=\"elementor-element elementor-element-e1b4f40 e-flex e-con-boxed e-con e-parent\" data-id=\"e1b4f40\" data-element_type=\"container\" data-e-type=\"container\" data-settings=\"{&quot;background_background&quot;:&quot;classic&quot;}\">\n\t\t\t\t\t<div class=\"e-con-inner\">\n\t\t<div class=\"elementor-element elementor-element-5d15b76 e-con-full e-flex e-con e-child\" data-id=\"5d15b76\" data-element_type=\"container\" data-e-type=\"container\">\n\t\t\t\t<div class=\"elementor-element elementor-element-16db835 elementor-widget elementor-widget-heading\" data-id=\"16db835\" data-element_type=\"widget\" data-e-type=\"widget\" data-widget_type=\"heading.default\">\n\t\t\t\t<div class=\"elementor-widget-container\">\n\t\t\t\t\t<h1 class=\"elementor-heading-title elementor-size-default\">Men\u00fa del Dia - Restaurant Es Capdell\u00e0<\/h1>\t\t\t\t<\/div>\n\t\t\t\t<\/div>\n\t\t\t\t<div class=\"elementor-element elementor-element-7de2f66 elementor-widget elementor-widget-heading\" data-id=\"7de2f66\" data-element_type=\"widget\" data-e-type=\"widget\" data-widget_type=\"heading.default\">\n\t\t\t\t<div class=\"elementor-widget-container\">\n\t\t\t\t\t<h2 class=\"elementor-heading-title elementor-size-default\">Men\u00fas diaris<\/h2>\t\t\t\t<\/div>\n\t\t\t\t<\/div>\n\t\t<div class=\"elementor-element elementor-element-d835496 e-con-full e-flex e-con e-child\" data-id=\"d835496\" data-element_type=\"container\" data-e-type=\"container\">\n\t\t\t\t<div class=\"elementor-element elementor-element-18235f7 elementor-align-center elementor-mobile-align-center elementor-widget elementor-widget-button\" data-id=\"18235f7\" data-element_type=\"widget\" data-e-type=\"widget\" data-widget_type=\"button.default\">\n\t\t\t\t<div class=\"elementor-widget-container\">\n\t\t\t\t\t\t\t\t\t<div class=\"elementor-button-wrapper\">\n\t\t\t\t\t<a class=\"elementor-button elementor-button-link elementor-size-lg\" href=\"\/savinya\/ca\/reserves\/\" target=\"_blank\">\n\t\t\t\t\t\t<span class=\"elementor-button-content-wrapper\">\n\t\t\t\t\t\t\t\t\t<span class=\"elementor-button-text\">Reserva<\/span>\n\t\t\t\t\t<\/span>\n\t\t\t\t\t<\/a>\n\t\t\t\t<\/div>\n\t\t\t\t\t\t\t\t<\/div>\n\t\t\t\t<\/div>\n\t\t\t\t<\/div>\n\t\t\t\t<\/div>\n\t\t\t\t\t<\/div>\n\t\t\t\t<\/div>\n\t\t<div class=\"elementor-element elementor-element-d716a0a e-flex e-con-boxed e-con e-parent\" data-id=\"d716a0a\" data-element_type=\"container\" data-e-type=\"container\" data-settings=\"{&quot;background_background&quot;:&quot;classic&quot;}\">\n\t\t\t\t\t<div class=\"e-con-inner\">\n\t\t<div class=\"elementor-element elementor-element-46d2f01 e-con-full e-flex e-con e-child\" data-id=\"46d2f01\" data-element_type=\"container\" data-e-type=\"container\">\n\t\t\t\t<div class=\"elementor-element elementor-element-0b075d3 elementor-widget elementor-widget-heading\" data-id=\"0b075d3\" data-element_type=\"widget\" data-e-type=\"widget\" data-widget_type=\"heading.default\">\n\t\t\t\t<div class=\"elementor-widget-container\">\n\t\t\t\t\t<p class=\"elementor-heading-title elementor-size-default\">Descobreix els nostres<\/p>\t\t\t\t<\/div>\n\t\t\t\t<\/div>\n\t\t\t\t<div class=\"elementor-element elementor-element-dc88c32 elementor-widget elementor-widget-heading\" data-id=\"dc88c32\" data-element_type=\"widget\" data-e-type=\"widget\" data-widget_type=\"heading.default\">\n\t\t\t\t<div class=\"elementor-widget-container\">\n\t\t\t\t\t<h2 class=\"elementor-heading-title elementor-size-default\">Plats del dia<\/h2>\t\t\t\t<\/div>\n\t\t\t\t<\/div>\n\t\t\t\t<div class=\"elementor-element elementor-element-9281f8a elementor-widget elementor-widget-heading\" data-id=\"9281f8a\" data-element_type=\"widget\" data-e-type=\"widget\" data-widget_type=\"heading.default\">\n\t\t\t\t<div class=\"elementor-widget-container\">\n\t\t\t\t\t<p class=\"elementor-heading-title elementor-size-default\">De dilluns a divendres<\/p>\t\t\t\t<\/div>\n\t\t\t\t<\/div>\n\t\t\t\t<div class=\"elementor-element elementor-element-267899e elementor-widget elementor-widget-text-editor\" data-id=\"267899e\" data-element_type=\"widget\" data-e-type=\"widget\" data-widget_type=\"text-editor.default\">\n\t\t\t\t<div class=\"elementor-widget-container\">\n\t\t\t\t\t\t\t\t\t<p>Al nostre restaurant d\u2019Es Capdell\u00e0 trobar\u00e0s un <strong>men\u00fa del dia<\/strong> pensat per disfrutar-lo sense presses: plats casolans elaborats amb producte fresc i de qualitat, una cuina aut\u00e8ntica feta amb cura i un tracte proper que converteixen cada visita a <strong>Sa Vinya<\/strong> en una experi\u00e8ncia que voldr\u00e0s repetir.<\/p><p>El preu inclou pa, olives, una beguda (aigua, canya, refresc o copa de vi) i postre.<\/p>\t\t\t\t\t\t\t\t<\/div>\n\t\t\t\t<\/div>\n\t\t<div class=\"elementor-element elementor-element-31d720c e-con-full e-flex e-con e-child\" data-id=\"31d720c\" data-element_type=\"container\" data-e-type=\"container\">\n\t\t<div class=\"elementor-element elementor-element-610ae2a e-con-full e-flex e-con e-child\" data-id=\"610ae2a\" data-element_type=\"container\" data-e-type=\"container\" data-settings=\"{&quot;background_background&quot;:&quot;classic&quot;}\">\n\t\t\t\t<div class=\"elementor-element elementor-element-08037e4 elementor-widget elementor-widget-heading\" data-id=\"08037e4\" data-element_type=\"widget\" data-e-type=\"widget\" data-widget_type=\"heading.default\">\n\t\t\t\t<div class=\"elementor-widget-container\">\n\t\t\t\t\t<h3 class=\"elementor-heading-title elementor-size-default\">Tots el dies<\/h3>\t\t\t\t<\/div>\n\t\t\t\t<\/div>\n\t\t\t\t<div class=\"elementor-element elementor-element-5b0530d elementor-widget-divider--view-line elementor-widget elementor-widget-divider\" data-id=\"5b0530d\" data-element_type=\"widget\" data-e-type=\"widget\" data-widget_type=\"divider.default\">\n\t\t\t\t<div class=\"elementor-widget-container\">\n\t\t\t\t\t\t\t<div class=\"elementor-divider\">\n\t\t\t<span class=\"elementor-divider-separator\">\n\t\t\t\t\t\t<\/span>\n\t\t<\/div>\n\t\t\t\t\t\t<\/div>\n\t\t\t\t<\/div>\n\t\t\t\t<div class=\"elementor-element elementor-element-5477c77 elementor-widget__width-initial elementor-widget elementor-widget-price-list\" data-id=\"5477c77\" data-element_type=\"widget\" data-e-type=\"widget\" data-widget_type=\"price-list.default\">\n\t\t\t\t<div class=\"elementor-widget-container\">\n\t\t\t\t\t\n\t\t<ul class=\"elementor-price-list\">\n\n\t\t\t\t\t\t\t\t\t<li class=\"elementor-price-list-item\">\t\t\t\t\n\t\t\t\t<div class=\"elementor-price-list-text\">\n\t\t\t\t\t\t\t\t\t<div class=\"elementor-price-list-header\">\n\t\t\t\t\t\t\t\t\t\t\t<span class=\"elementor-price-list-title\">\n\t\t\t\t\t\t\tLasanya de vedella\t\t\t\t\t\t<\/span>\n\t\t\t\t\t\t\t\t\t\t\t\t\t\t\t\t\t\t<span class=\"elementor-price-list-separator\"><\/span>\n\t\t\t\t\t\t\t\t\t\t\t\t\t\t\t\t\t\t\t<span class=\"elementor-price-list-price\">14.00\u20ac<\/span>\n\t\t\t\t\t\t\t\t\t\t<\/div>\n\t\t\t\t\t\t\t\t\t\t\t\t<\/div>\n\t\t\t\t<\/li>\t\t\t\t\t\t\t\t\t\t\t\t<li class=\"elementor-price-list-item\">\t\t\t\t\n\t\t\t\t<div class=\"elementor-price-list-text\">\n\t\t\t\t\t\t\t\t\t<div class=\"elementor-price-list-header\">\n\t\t\t\t\t\t\t\t\t\t\t<span class=\"elementor-price-list-title\">\n\t\t\t\t\t\t\tEscalop de pollastre amb patates i ensalada\t\t\t\t\t\t<\/span>\n\t\t\t\t\t\t\t\t\t\t\t\t\t\t\t\t\t\t<span class=\"elementor-price-list-separator\"><\/span>\n\t\t\t\t\t\t\t\t\t\t\t\t\t\t\t\t\t\t\t<span class=\"elementor-price-list-price\">13.00\u20ac<\/span>\n\t\t\t\t\t\t\t\t\t\t<\/div>\n\t\t\t\t\t\t\t\t\t\t\t\t<\/div>\n\t\t\t\t<\/li>\t\t\t\t\t\t\t\t\t\t\t\t<li class=\"elementor-price-list-item\">\t\t\t\t\n\t\t\t\t<div class=\"elementor-price-list-text\">\n\t\t\t\t\t\t\t\t\t<div class=\"elementor-price-list-header\">\n\t\t\t\t\t\t\t\t\t\t\t<span class=\"elementor-price-list-title\">\n\t\t\t\t\t\t\tHamburguesa de vedella amb formatge\t\t\t\t\t\t<\/span>\n\t\t\t\t\t\t\t\t\t\t\t\t\t\t\t\t\t\t<span class=\"elementor-price-list-separator\"><\/span>\n\t\t\t\t\t\t\t\t\t\t\t\t\t\t\t\t\t\t\t<span class=\"elementor-price-list-price\">12.00\u20ac<\/span>\n\t\t\t\t\t\t\t\t\t\t<\/div>\n\t\t\t\t\t\t\t\t\t\t\t\t<\/div>\n\t\t\t\t<\/li>\t\t\t\t\t\t\t\t\t\t\t\t<li class=\"elementor-price-list-item\">\t\t\t\t\n\t\t\t\t<div class=\"elementor-price-list-text\">\n\t\t\t\t\t\t\t\t\t<div class=\"elementor-price-list-header\">\n\t\t\t\t\t\t\t\t\t\t\t<span class=\"elementor-price-list-title\">\n\t\t\t\t\t\t\tHamburguesa vegana\t\t\t\t\t\t<\/span>\n\t\t\t\t\t\t\t\t\t\t\t\t\t\t\t\t\t\t<span class=\"elementor-price-list-separator\"><\/span>\n\t\t\t\t\t\t\t\t\t\t\t\t\t\t\t\t\t\t\t<span class=\"elementor-price-list-price\">12.00\u20ac<\/span>\n\t\t\t\t\t\t\t\t\t\t<\/div>\n\t\t\t\t\t\t\t\t\t\t\t\t<\/div>\n\t\t\t\t<\/li>\t\t\t\t\t\t\t\t\t\t\t\t<li class=\"elementor-price-list-item\">\t\t\t\t\n\t\t\t\t<div class=\"elementor-price-list-text\">\n\t\t\t\t\t\t\t\t\t<div class=\"elementor-price-list-header\">\n\t\t\t\t\t\t\t\t\t\t\t<span class=\"elementor-price-list-title\">\n\t\t\t\t\t\t\tLlobarro amb oli d'all i caiena\t\t\t\t\t\t<\/span>\n\t\t\t\t\t\t\t\t\t\t\t\t\t\t\t\t\t\t<span class=\"elementor-price-list-separator\"><\/span>\n\t\t\t\t\t\t\t\t\t\t\t\t\t\t\t\t\t\t\t<span class=\"elementor-price-list-price\">16.00\u20ac<\/span>\n\t\t\t\t\t\t\t\t\t\t<\/div>\n\t\t\t\t\t\t\t\t\t\t\t\t<\/div>\n\t\t\t\t<\/li>\t\t\t\t\t\n\t\t<\/ul>\n\n\t\t\t\t\t\t<\/div>\n\t\t\t\t<\/div>\n\t\t\t\t<\/div>\n\t\t<div class=\"elementor-element elementor-element-fbac541 e-con-full e-flex e-con e-child\" data-id=\"fbac541\" data-element_type=\"container\" data-e-type=\"container\" data-settings=\"{&quot;background_background&quot;:&quot;classic&quot;}\">\n\t\t\t\t<div class=\"elementor-element elementor-element-b01d8b6 elementor-widget elementor-widget-heading\" data-id=\"b01d8b6\" data-element_type=\"widget\" data-e-type=\"widget\" data-widget_type=\"heading.default\">\n\t\t\t\t<div class=\"elementor-widget-container\">\n\t\t\t\t\t<h3 class=\"elementor-heading-title elementor-size-default\">Especials<\/h3>\t\t\t\t<\/div>\n\t\t\t\t<\/div>\n\t\t\t\t<div class=\"elementor-element elementor-element-b3b73c1 elementor-widget-divider--view-line elementor-widget elementor-widget-divider\" data-id=\"b3b73c1\" data-element_type=\"widget\" data-e-type=\"widget\" data-widget_type=\"divider.default\">\n\t\t\t\t<div class=\"elementor-widget-container\">\n\t\t\t\t\t\t\t<div class=\"elementor-divider\">\n\t\t\t<span class=\"elementor-divider-separator\">\n\t\t\t\t\t\t<\/span>\n\t\t<\/div>\n\t\t\t\t\t\t<\/div>\n\t\t\t\t<\/div>\n\t\t\t\t<div class=\"elementor-element elementor-element-f986fd1 elementor-widget__width-initial elementor-widget elementor-widget-price-list\" data-id=\"f986fd1\" data-element_type=\"widget\" data-e-type=\"widget\" data-widget_type=\"price-list.default\">\n\t\t\t\t<div class=\"elementor-widget-container\">\n\t\t\t\t\t\n\t\t<ul class=\"elementor-price-list\">\n\n\t\t\t\t\t\t\t\t\t<li class=\"elementor-price-list-item\">\t\t\t\t\n\t\t\t\t<div class=\"elementor-price-list-text\">\n\t\t\t\t\t\t\t\t\t<div class=\"elementor-price-list-header\">\n\t\t\t\t\t\t\t\t\t\t\t<span class=\"elementor-price-list-title\">\n\t\t\t\t\t\t\tDilluns: Llenties\t\t\t\t\t\t<\/span>\n\t\t\t\t\t\t\t\t\t\t\t\t\t\t\t\t\t\t<span class=\"elementor-price-list-separator\"><\/span>\n\t\t\t\t\t\t\t\t\t\t\t\t\t\t\t\t\t\t\t<span class=\"elementor-price-list-price\">12.00\u20ac<\/span>\n\t\t\t\t\t\t\t\t\t\t<\/div>\n\t\t\t\t\t\t\t\t\t\t\t\t<\/div>\n\t\t\t\t<\/li>\t\t\t\t\t\t\t\t\t\t\t\t<li class=\"elementor-price-list-item\">\t\t\t\t\n\t\t\t\t<div class=\"elementor-price-list-text\">\n\t\t\t\t\t\t\t\t\t<div class=\"elementor-price-list-header\">\n\t\t\t\t\t\t\t\t\t\t\t<span class=\"elementor-price-list-title\">\n\t\t\t\t\t\t\tDimarts: Strogonoff\t\t\t\t\t\t<\/span>\n\t\t\t\t\t\t\t\t\t\t\t\t\t\t\t\t\t\t<span class=\"elementor-price-list-separator\"><\/span>\n\t\t\t\t\t\t\t\t\t\t\t\t\t\t\t\t\t\t\t<span class=\"elementor-price-list-price\">13.00\u20ac<\/span>\n\t\t\t\t\t\t\t\t\t\t<\/div>\n\t\t\t\t\t\t\t\t\t\t\t\t<\/div>\n\t\t\t\t<\/li>\t\t\t\t\t\t\t\t\t\t\t\t<li class=\"elementor-price-list-item\">\t\t\t\t\n\t\t\t\t<div class=\"elementor-price-list-text\">\n\t\t\t\t\t\t\t\t\t<div class=\"elementor-price-list-header\">\n\t\t\t\t\t\t\t\t\t\t\t<span class=\"elementor-price-list-title\">\n\t\t\t\t\t\t\tDimecres: Fideuada mixta\t\t\t\t\t\t<\/span>\n\t\t\t\t\t\t\t\t\t\t\t\t\t\t\t\t\t\t<span class=\"elementor-price-list-separator\"><\/span>\n\t\t\t\t\t\t\t\t\t\t\t\t\t\t\t\t\t\t\t<span class=\"elementor-price-list-price\">15.00\u20ac<\/span>\n\t\t\t\t\t\t\t\t\t\t<\/div>\n\t\t\t\t\t\t\t\t\t\t\t\t<\/div>\n\t\t\t\t<\/li>\t\t\t\t\t\t\t\t\t\t\t\t<li class=\"elementor-price-list-item\">\t\t\t\t\n\t\t\t\t<div class=\"elementor-price-list-text\">\n\t\t\t\t\t\t\t\t\t<div class=\"elementor-price-list-header\">\n\t\t\t\t\t\t\t\t\t\t\t<span class=\"elementor-price-list-title\">\n\t\t\t\t\t\t\tDijous: Arr\u00f2s brut\t\t\t\t\t\t<\/span>\n\t\t\t\t\t\t\t\t\t\t\t\t\t\t\t\t\t\t<span class=\"elementor-price-list-separator\"><\/span>\n\t\t\t\t\t\t\t\t\t\t\t\t\t\t\t\t\t\t\t<span class=\"elementor-price-list-price\">13.00\u20ac<\/span>\n\t\t\t\t\t\t\t\t\t\t<\/div>\n\t\t\t\t\t\t\t\t\t\t\t\t<\/div>\n\t\t\t\t<\/li>\t\t\t\t\t\t\t\t\t\t\t\t<li class=\"elementor-price-list-item\">\t\t\t\t\n\t\t\t\t<div class=\"elementor-price-list-text\">\n\t\t\t\t\t\t\t\t\t<div class=\"elementor-price-list-header\">\n\t\t\t\t\t\t\t\t\t\t\t<span class=\"elementor-price-list-title\">\n\t\t\t\t\t\t\tDivendres: Porcella\t\t\t\t\t\t<\/span>\n\t\t\t\t\t\t\t\t\t\t\t\t\t\t\t\t\t\t<span class=\"elementor-price-list-separator\"><\/span>\n\t\t\t\t\t\t\t\t\t\t\t\t\t\t\t\t\t\t\t<span class=\"elementor-price-list-price\">16.00\u20ac<\/span>\n\t\t\t\t\t\t\t\t\t\t<\/div>\n\t\t\t\t\t\t\t\t\t\t\t\t<\/div>\n\t\t\t\t<\/li>\t\t\t\t\t\n\t\t<\/ul>\n\n\t\t\t\t\t\t<\/div>\n\t\t\t\t<\/div>\n\t\t\t\t<\/div>\n\t\t\t\t<\/div>\n\t\t\t\t<div class=\"elementor-element elementor-element-0ea4f76 elementor-widget elementor-widget-text-editor\" data-id=\"0ea4f76\" data-element_type=\"widget\" data-e-type=\"widget\" data-widget_type=\"text-editor.default\">\n\t\t\t\t<div class=\"elementor-widget-container\">\n\t\t\t\t\t\t\t\t\t<p>D&#8217;octubre a desembre del 2025, excepte festius.<\/p>\t\t\t\t\t\t\t\t<\/div>\n\t\t\t\t<\/div>\n\t\t\t\t<div class=\"elementor-element elementor-element-98d6de8 elementor-align-center elementor-mobile-align-center elementor-widget elementor-widget-button\" data-id=\"98d6de8\" data-element_type=\"widget\" data-e-type=\"widget\" data-widget_type=\"button.default\">\n\t\t\t\t<div class=\"elementor-widget-container\">\n\t\t\t\t\t\t\t\t\t<div class=\"elementor-button-wrapper\">\n\t\t\t\t\t<a class=\"elementor-button elementor-button-link elementor-size-lg\" href=\"\/savinya\/ca\/reserves\/\" target=\"_blank\">\n\t\t\t\t\t\t<span class=\"elementor-button-content-wrapper\">\n\t\t\t\t\t\t\t\t\t<span class=\"elementor-button-text\">Reservar taula<\/span>\n\t\t\t\t\t<\/span>\n\t\t\t\t\t<\/a>\n\t\t\t\t<\/div>\n\t\t\t\t\t\t\t\t<\/div>\n\t\t\t\t<\/div>\n\t\t\t\t<\/div>\n\t\t\t\t\t<\/div>\n\t\t\t\t<\/div>\n\t\t\t\t<\/div>\n\t\t","protected":false},"excerpt":{"rendered":"<p>Men\u00fa del Dia &#8211; Restaurant Es Capdell\u00e0 Men\u00fas diaris Reserva Descobreix els nostres Plats del dia De dilluns a divendres Al nostre restaurant d\u2019Es Capdell\u00e0 trobar\u00e0s un men\u00fa del dia pensat per disfrutar-lo sense presses: plats casolans elaborats amb producte fresc i de qualitat, una cuina aut\u00e8ntica feta amb cura i un tracte proper que [&hellip;]<\/p>\n","protected":false},"author":1,"featured_media":0,"parent":0,"menu_order":0,"comment_status":"closed","ping_status":"closed","template":"","meta":{"_joinchat":[],"footnotes":""},"class_list":["post-3447","page","type-page","status-publish","hentry"],"yoast_head":"<!-- This site is optimized with the Yoast SEO plugin v27.2 - https:\/\/yoast.com\/product\/yoast-seo-wordpress\/ -->\n<title>Men\u00fa del Dia - Sa Vinya<\/title>\n<meta name=\"robots\" content=\"index, follow, max-snippet:-1, max-image-preview:large, max-video-preview:-1\" \/>\n<link rel=\"canonical\" href=\"https:\/\/escapdella.com\/savinya\/ca\/menu-diari\/\" \/>\n<meta property=\"og:locale\" content=\"es_ES\" \/>\n<meta property=\"og:type\" content=\"article\" \/>\n<meta property=\"og:title\" content=\"Men\u00fa del Dia - Sa Vinya\" \/>\n<meta property=\"og:description\" content=\"Men\u00fa del Dia &#8211; Restaurant Es Capdell\u00e0 Men\u00fas diaris Reserva Descobreix els nostres Plats del dia De dilluns a divendres Al nostre restaurant d\u2019Es Capdell\u00e0 trobar\u00e0s un men\u00fa del dia pensat per disfrutar-lo sense presses: plats casolans elaborats amb producte fresc i de qualitat, una cuina aut\u00e8ntica feta amb cura i un tracte proper que [&hellip;]\" \/>\n<meta property=\"og:url\" content=\"https:\/\/escapdella.com\/savinya\/ca\/menu-diari\/\" \/>\n<meta property=\"og:site_name\" content=\"Sa Vinya\" \/>\n<meta property=\"article:publisher\" content=\"https:\/\/www.facebook.com\/savinya1976\/\" \/>\n<meta property=\"article:modified_time\" content=\"2025-10-23T10:44:24+00:00\" \/>\n<meta name=\"twitter:card\" content=\"summary_large_image\" \/>\n<meta name=\"twitter:label1\" content=\"Tiempo de lectura\" \/>\n\t<meta name=\"twitter:data1\" content=\"1 minuto\" \/>\n<script type=\"application\/ld+json\" class=\"yoast-schema-graph\">{\"@context\":\"https:\/\/schema.org\",\"@graph\":[{\"@type\":\"WebPage\",\"@id\":\"https:\/\/escapdella.com\/savinya\/ca\/menu-diari\/\",\"url\":\"https:\/\/escapdella.com\/savinya\/ca\/menu-diari\/\",\"name\":\"Men\u00fa del Dia - Sa Vinya\",\"isPartOf\":{\"@id\":\"https:\/\/escapdella.com\/savinya\/#website\"},\"datePublished\":\"2025-10-23T09:17:49+00:00\",\"dateModified\":\"2025-10-23T10:44:24+00:00\",\"breadcrumb\":{\"@id\":\"https:\/\/escapdella.com\/savinya\/ca\/menu-diari\/#breadcrumb\"},\"inLanguage\":\"es\",\"potentialAction\":[{\"@type\":\"ReadAction\",\"target\":[\"https:\/\/escapdella.com\/savinya\/ca\/menu-diari\/\"]}]},{\"@type\":\"BreadcrumbList\",\"@id\":\"https:\/\/escapdella.com\/savinya\/ca\/menu-diari\/#breadcrumb\",\"itemListElement\":[{\"@type\":\"ListItem\",\"position\":1,\"name\":\"Portada\",\"item\":\"https:\/\/escapdella.com\/savinya\/\"},{\"@type\":\"ListItem\",\"position\":2,\"name\":\"Men\u00fa del Dia\"}]},{\"@type\":\"WebSite\",\"@id\":\"https:\/\/escapdella.com\/savinya\/#website\",\"url\":\"https:\/\/escapdella.com\/savinya\/\",\"name\":\"Sa Vinya\",\"description\":\"Restaurant Es Capdell\u00e0\",\"publisher\":{\"@id\":\"https:\/\/escapdella.com\/savinya\/#organization\"},\"potentialAction\":[{\"@type\":\"SearchAction\",\"target\":{\"@type\":\"EntryPoint\",\"urlTemplate\":\"https:\/\/escapdella.com\/savinya\/?s={search_term_string}\"},\"query-input\":{\"@type\":\"PropertyValueSpecification\",\"valueRequired\":true,\"valueName\":\"search_term_string\"}}],\"inLanguage\":\"es\"},{\"@type\":\"Organization\",\"@id\":\"https:\/\/escapdella.com\/savinya\/#organization\",\"name\":\"Sa Vinya\",\"url\":\"https:\/\/escapdella.com\/savinya\/\",\"logo\":{\"@type\":\"ImageObject\",\"inLanguage\":\"es\",\"@id\":\"https:\/\/escapdella.com\/savinya\/#\/schema\/logo\/image\/\",\"url\":\"https:\/\/escapdella.com\/savinya\/wp-content\/uploads\/2025\/07\/SA-VINYA_MENU-GRUPOS.png\",\"contentUrl\":\"https:\/\/escapdella.com\/savinya\/wp-content\/uploads\/2025\/07\/SA-VINYA_MENU-GRUPOS.png\",\"width\":822,\"height\":551,\"caption\":\"Sa Vinya\"},\"image\":{\"@id\":\"https:\/\/escapdella.com\/savinya\/#\/schema\/logo\/image\/\"},\"sameAs\":[\"https:\/\/www.facebook.com\/savinya1976\/\",\"https:\/\/www.instagram.com\/savinya1976\/\"]}]}<\/script>\n<!-- \/ Yoast SEO plugin. -->","yoast_head_json":{"title":"Men\u00fa del Dia - Sa Vinya","robots":{"index":"index","follow":"follow","max-snippet":"max-snippet:-1","max-image-preview":"max-image-preview:large","max-video-preview":"max-video-preview:-1"},"canonical":"https:\/\/escapdella.com\/savinya\/ca\/menu-diari\/","og_locale":"es_ES","og_type":"article","og_title":"Men\u00fa del Dia - Sa Vinya","og_description":"Men\u00fa del Dia &#8211; Restaurant Es Capdell\u00e0 Men\u00fas diaris Reserva Descobreix els nostres Plats del dia De dilluns a divendres Al nostre restaurant d\u2019Es Capdell\u00e0 trobar\u00e0s un men\u00fa del dia pensat per disfrutar-lo sense presses: plats casolans elaborats amb producte fresc i de qualitat, una cuina aut\u00e8ntica feta amb cura i un tracte proper que [&hellip;]","og_url":"https:\/\/escapdella.com\/savinya\/ca\/menu-diari\/","og_site_name":"Sa Vinya","article_publisher":"https:\/\/www.facebook.com\/savinya1976\/","article_modified_time":"2025-10-23T10:44:24+00:00","twitter_card":"summary_large_image","twitter_misc":{"Tiempo de lectura":"1 minuto"},"schema":{"@context":"https:\/\/schema.org","@graph":[{"@type":"WebPage","@id":"https:\/\/escapdella.com\/savinya\/ca\/menu-diari\/","url":"https:\/\/escapdella.com\/savinya\/ca\/menu-diari\/","name":"Men\u00fa del Dia - Sa Vinya","isPartOf":{"@id":"https:\/\/escapdella.com\/savinya\/#website"},"datePublished":"2025-10-23T09:17:49+00:00","dateModified":"2025-10-23T10:44:24+00:00","breadcrumb":{"@id":"https:\/\/escapdella.com\/savinya\/ca\/menu-diari\/#breadcrumb"},"inLanguage":"es","potentialAction":[{"@type":"ReadAction","target":["https:\/\/escapdella.com\/savinya\/ca\/menu-diari\/"]}]},{"@type":"BreadcrumbList","@id":"https:\/\/escapdella.com\/savinya\/ca\/menu-diari\/#breadcrumb","itemListElement":[{"@type":"ListItem","position":1,"name":"Portada","item":"https:\/\/escapdella.com\/savinya\/"},{"@type":"ListItem","position":2,"name":"Men\u00fa del Dia"}]},{"@type":"WebSite","@id":"https:\/\/escapdella.com\/savinya\/#website","url":"https:\/\/escapdella.com\/savinya\/","name":"Sa Vinya","description":"Restaurant Es Capdell\u00e0","publisher":{"@id":"https:\/\/escapdella.com\/savinya\/#organization"},"potentialAction":[{"@type":"SearchAction","target":{"@type":"EntryPoint","urlTemplate":"https:\/\/escapdella.com\/savinya\/?s={search_term_string}"},"query-input":{"@type":"PropertyValueSpecification","valueRequired":true,"valueName":"search_term_string"}}],"inLanguage":"es"},{"@type":"Organization","@id":"https:\/\/escapdella.com\/savinya\/#organization","name":"Sa Vinya","url":"https:\/\/escapdella.com\/savinya\/","logo":{"@type":"ImageObject","inLanguage":"es","@id":"https:\/\/escapdella.com\/savinya\/#\/schema\/logo\/image\/","url":"https:\/\/escapdella.com\/savinya\/wp-content\/uploads\/2025\/07\/SA-VINYA_MENU-GRUPOS.png","contentUrl":"https:\/\/escapdella.com\/savinya\/wp-content\/uploads\/2025\/07\/SA-VINYA_MENU-GRUPOS.png","width":822,"height":551,"caption":"Sa Vinya"},"image":{"@id":"https:\/\/escapdella.com\/savinya\/#\/schema\/logo\/image\/"},"sameAs":["https:\/\/www.facebook.com\/savinya1976\/","https:\/\/www.instagram.com\/savinya1976\/"]}]}},"_links":{"self":[{"href":"https:\/\/escapdella.com\/savinya\/wp-json\/wp\/v2\/pages\/3447","targetHints":{"allow":["GET"]}}],"collection":[{"href":"https:\/\/escapdella.com\/savinya\/wp-json\/wp\/v2\/pages"}],"about":[{"href":"https:\/\/escapdella.com\/savinya\/wp-json\/wp\/v2\/types\/page"}],"author":[{"embeddable":true,"href":"https:\/\/escapdella.com\/savinya\/wp-json\/wp\/v2\/users\/1"}],"replies":[{"embeddable":true,"href":"https:\/\/escapdella.com\/savinya\/wp-json\/wp\/v2\/comments?post=3447"}],"version-history":[{"count":10,"href":"https:\/\/escapdella.com\/savinya\/wp-json\/wp\/v2\/pages\/3447\/revisions"}],"predecessor-version":[{"id":3534,"href":"https:\/\/escapdella.com\/savinya\/wp-json\/wp\/v2\/pages\/3447\/revisions\/3534"}],"wp:attachment":[{"href":"https:\/\/escapdella.com\/savinya\/wp-json\/wp\/v2\/media?parent=3447"}],"curies":[{"name":"wp","href":"https:\/\/api.w.org\/{rel}","templated":true}]}}